Suppose -3*x = 2*f - x + 436, -5*f + 3*x - 1074 = 0. Let t = -119 - f. What is the units digit of t?
7
What is the tens digit of 5/(5/2) + (-400)/(-8)?
5
Suppose d = -105 + 372. What is the units digit of d?
7
Let x(n) = 58*n + 1739. What is the thousands digit of x(0)?
1
Suppose -5*a = -4*r + 43, a = 5*r + 3*a - 29. Suppose -2*m + 2*c = 4, 2*m + 2*m + 4*c = 32. Suppose r*s = m*s + 76. What is the units digit of s?
9
Let x(i) = 2*i + 24. Let u be x(-20). Let d = u - -72. What is the tens digit of d?
5
Let f(b) = -2*b**3 - 4*b**2 - 4*b + 16. What is the hundreds digit of f(-5)?
1
Let l = 26 + -26. Suppose -3*p - 3*p + 54 = l. What is the units digit of p?
9
Suppose -29*f + 13734 = -76514. What is the tens digit of f?
1
Suppose -2081 = -3*b + 6*l - 2*l, -b + 4*l + 699 = 0. What is the tens digit of b?
9
Suppose 18*p - 28412 = 15544. What is the thousands digit of p?
2
Suppose 9*o - 7*o - 46 = 0. Let w = -11 + o. What is the tens digit of w?
1
Let q = 3 - 0. Suppose 12 = 5*j - 2*a - 3, -j + q = -a. What is the units digit of j*-2*(-7)/6?
7
Let k = -1 - 8. Let w(b) = b**2 - 5*b + 3 + 9*b + 3*b + 0*b**2. What is the units digit of w(k)?
1
Let n(s) = -2*s**3 - 3*s**2 + 1. Let c be n(-2). Suppose -c + 130 = -5*z + 3*o, 125 = -5*z - 5*o. Let j = z + 45. What is the units digit of j?
0
Let a(o) = 2*o**3 - 2*o**2 + 16*o - 11. Let u be a(-9). What is the tens digit of 2/3*3*u/(-50)?
7
Let v(z) = -202*z - 235. What is the units digit of v(-6)?
7
Let k be 4/6 + (-21)/(-9). What is the tens digit of 192/3 + (5 - 12/k)?
6
Let l(h) = -2*h**3 - 37*h**2 - 24*h + 1. What is the units digit of l(-19)?
8
Let d(y) be the third derivative of -y**5/60 + 43*y**3/3 + 9*y**2. What is the tens digit of d(0)?
8
Let a = -180 - -753. Suppose 5*h - a = 2*v, -5*v - 45 = -h + 65. What is the tens digit of h?
1
Let g(j) = -3*j**3 + 12*j**2 - 5*j + 7. Let x(w) = 7*w**3 - 23*w**2 + 11*w - 13. Let z(y) = 9*g(y) + 4*x(y). What is the units digit of z(-16)?
7
Let j(v) = -v**3 - v + 11. Suppose -2*f + 3*b + 2*b = -10, 3*f - 3*b = 6. Let a be j(f). What is the units digit of 5/20 + a/4?
3
Let s(i) = -i**3 - 16*i**2 - 19*i - 14. Suppose 0*x + 3*c = x - 12, c + 4 = x. Suppose x*y - 75 = 5*y. What is the tens digit of s(y)?
4
Let c(i) = 3*i**2 + 11*i + 6. Let o be c(-4). Suppose -o*q = -6*q - 384. What is the tens digit of q?
9
Suppose 86*g = 143*g - 146490. What is the units digit of g?
0
Let v = -37 - -13. Suppose -4*n = n - 50. Let p = n - v. What is the tens digit of p?
3
Let l be (7 - (-3)/3) + 4. Suppose -6*q + 6 + l = 0. Suppose j = 5*o - 2*j - 152, q*j = -12. What is the units digit of o?
8
Suppose 0 = 3*z - 209 - 52. Suppose z = 2*k - 115. What is the units digit of k?
1
Suppose -5*q + 164 = v, q + 3*v - 76 = -q. Suppose 3*n = 5*n - q. What is the tens digit of n?
1
Suppose 16 = -0*u + u - 2*q, 2*u + 2*q = 32. What is the units digit of u/((-1)/(-4) - 0)?
4
Let f = 9 - -10. What is the tens digit of -2 + f + -4*7/7?
1
Let j = 124 + -102. What is the tens digit of j/(-99) + (-992)/(-9)?
1
Let b(g) = 51*g - 1. What is the units digit of b(11)?
0
Let f = 2367 - 1047. What is the thousands digit of f?
1
Suppose 5*d - 2*v - 14 = 0, -d + 3*v + 3 = 2*d. Suppose -d*u + 65 = u. What is the units digit of u?
3
Let x = -44 + 23. Let p be (-308)/x*(-9)/(-6). Let k = -13 + p. What is the units digit of k?
9
Let m(n) be the third derivative of n**5/60 - n**4/12 - 7*n**3/6 - n**2 + 4*n. Let a be (-1)/2 - 33/(-6). What is the units digit of m(a)?
8
Let o = 227 + -185. What is the units digit of o?
2
Let i(c) = -c**3 + 11*c**2 + 17*c + 9. Let f be i(12). Suppose 0 = -0*h - 2*h + 2*m + 158, -h + f = 4*m. What is the units digit of h?
7
Suppose 4*a - 5*d = 3175, 0 = a - 0*a - 3*d - 792. What is the units digit of a?
5
Let x(c) = -c - 14. Let q be x(-12). Let l(i) = 0*i**2 + 3*i**2 + 3*i + 4 + 3*i**2. What is the tens digit of l(q)?
2
Let o(c) be the first derivative of -c**4/4 + 8*c**3/3 - 3*c**2/2 + c - 5. Let k(u) = -u**3 + 5*u**2 + 8*u - 7. Let r be k(6). What is the tens digit of o(r)?
6
Suppose l + 4*f - 197 - 968 = 0, 5741 = 5*l - f. What is the units digit of l?
9
Let z be -2*(1/(-2) + -2). Let x be ((-2)/4)/(z/(-30)). Suppose -p + 20 = x*p. What is the units digit of p?
5
Suppose -i + b - 12 = -0*i, -3*b = -i - 12. What is the units digit of (-100)/(44/i - -3)?
0
Suppose 3*g = -3*u + 30, 5*g + 5*u - u - 45 = 0. Suppose 0 = -g*m + 3*w + 402 - 139, 2*m + w - 103 = 0. What is the units digit of m?
2
Let i(w) = -w**2 + 10*w - 4. Let v be i(9). Suppose 2*k + 4*j = -k + 199, -v*j - 148 = -2*k. What is the tens digit of k?
6
Suppose 3*u + 93 = 4*c, -4*c = -2*c + 4*u - 52. Let k = 101 - c. Suppose 130 = 5*i - 3*g, -3*i - 3 = -g - k. What is the units digit of i?
3
What is the tens digit of (-4)/(-10) - (-153808)/80 - 4?
1
Let y = -8771 - -13320. What is the hundreds digit of y?
5
Suppose -18*o + 13*o + 2680 = 4*u, -5*o + 3*u = -2715. What is the units digit of o?
0
Let i = 356 - 192. What is the units digit of i?
4
Suppose 2*p - 5*v + 4 = 20, -32 = -4*p - 4*v. Let l be 6/(3 + (-12)/p). Suppose -l*z = -9*z + 100. What is the tens digit of z?
2
Let h(u) be the third derivative of -u**6/120 + u**5/60 + u**4/24 - 20*u**2. What is the tens digit of h(-4)?
7
Let w be (1 + -3)*14/(-4). Let z be 114/42 + (-2)/(-7). Suppose -w*f + 8 = -z*f. What is the units digit of f?
2
Let o(l) = l**2 - 4*l + 4. Let v be o(4). Suppose -4*u = -2*s + 64, -3*s + v*u - 146 = -6*s. What is the units digit of s?
2
Let o(r) = 2*r**3 - 35*r**2 - 6*r + 26. What is the hundreds digit of o(18)?
2
Suppose 6 = -2*g + 48. Suppose -4*b + 69 = g. What is the units digit of b/(1 + 3) - 2?
1
Suppose -4 = c - 9. Suppose -4*n - v - 28 = 3*v, -v = -2*n - c. Let u = -3 - n. What is the units digit of u?
1
Let u(m) = m**3 - 11*m**2 + m - 9. Let a be u(11). Suppose 328 = a*t + 2*t. What is the units digit of t?
2
Let y = 34 - 28. What is the tens digit of 36 + (-24)/(-18) + 4/y?
3
Suppose 0 = -24*t + 13*t + 1595. Let q = t + 12. What is the hundreds digit of q?
1
Let z = 76 - -19. Suppose 0 - 11 = -g. Suppose -2*k + z = -g. What is the tens digit of k?
5
Let o = -3507 - -6561. What is the hundreds digit of o?
0
Let u = -1390 + 2325. What is the tens digit of u?
3
Suppose 4*b = -0*b - 6528. Let w be ((-3)/(-6))/((-6)/b). Suppose 6*p - 4*p - w = 0. What is the units digit of p?
8
What is the hundreds digit of ((-11348)/14)/((-174)/609)?
8
Suppose 4*c - s - 2550 = 2207, -3561 = -3*c + 3*s. What is the thousands digit of c?
1
Let v(w) = 14*w**2 + 2*w - 5. Let s be (-6 + 9)*(-5)/(-3). Suppose 2*t - 5*i = -2*t + 23, -4*t - s*i = 7. What is the units digit of v(t)?
5
Suppose 5*n = -4*g + 28, -7*n = -4*g - 3*n - 8. What is the units digit of g/(-2) - -1 - -29?
9
Let m(p) = -3*p**2 + 3*p - 3. Let u be m(2). Let l(g) be the second derivative of -2*g**3/3 - 17*g**2/2 + 15*g. What is the tens digit of l(u)?
1
Suppose 42*d - 99554 = 16*d. What is the units digit of d?
9
Let b = 16 - 5. Let k(u) = 15*u**2 - 6*u - 14 - 14*u**2 - 3*u. What is the units digit of k(b)?
8
Let a(v) = -229*v + 50. What is the tens digit of a(-4)?
6
Suppose -5*t + 6 - 1 = 0. Let k(j) = 17*j**2 + j - 2. What is the units digit of k(t)?
6
Let d(m) = 2 + 3*m**2 + m**3 - 3 + 6*m - 9*m**2. Let v be d(5). What is the units digit of (4/12)/(v/240)?
0
Suppose -x - 2 = -2*x. Let w be 5 + -4*4/(-16)*-1. Suppose -6 - x = -w*s. What is the units digit of s?
2
Suppose 0 = 2*y - 978 - 1934. What is the tens digit of y?
5
Suppose 3*x + 56 = z, -z = 3*x + 28 - 84. What is the units digit of z?
6
Suppose -y + 0*y = 3*a + 169, -a - 58 = 2*y. Let c(f) = -4*f. Let p be c(1). What is the tens digit of ((-5)/p)/((-2)/a)?
3
Suppose 18 - 56 = -2*v. Suppose -2*l - v = -131. What is the tens digit of (-45)/(-2)*l/70?
1
Suppose 5*a = 2*m - 0*m + 11, -m + 3*a - 8 = 0. Suppose -5*c - 13 = 2*g, -3*g + g - 3*c - m = 0. What is the tens digit of 182/14 + 1/g?
1
Suppose -23*r = -25*r + 8. Suppose 0 = -2*b + 4*s + 6 + 30, 4*b + r*s - 108 = 0. What is the tens digit of b?
2
Suppose 20 = 3*v + 2*v, 2*b - 6 = -3*v. What is the units digit of (-6)/(-3) + (-12)/b?
6
Let x(i) = -37*i - 15. Let j be x(4). Let s = -84 - j. What is the units digit of s?
9
What is the hundreds digit of (-153 + 2)/(-1) - (5 - 6)?
1
Let h